s the remainder when l is divided by 23?
16
Let c(r) = -r**2 + 11*r - 10. Suppose -86 = -3*d - 11. Calculate the remainder when d is divided by c(8).
11
Let s(m) = -m**3 + m**2 - m + 10. Let b be s(0). Let h be (219/(-2))/(3 - (-9)/(-4)). Calculate the remainder when (-5)/b*h/1 is divided by 25.
23
Suppose c + 4*c + 50 = 3*b, 5*b - 58 = 2*c. What is the remainder when 29 is divided by b?
9
Let v(t) = -2*t**3 - 5*t**2 - 2*t + 1. Let d(s) = -s. Let m be d(3). Suppose 0 = -5*g + 33 + 12. What is the remainder when v(m) is divided by g?
7
Let d = 24 - 12. Let h be (-690)/14 - (-10)/35. Let z = -14 - h. What is the remainder when z is divided by d?
11
Suppose 48 = -0*b + 4*b. Let l = -8 + b. What is the remainder when 11 is divided by l?
3
Let z(s) = -s**2 + 2*s + 41. Calculate the remainder when 22 is divided by z(-5).
4
Suppose c - 37 = 5*f, -24*c + 42 = -22*c - 2*f. Calculate the remainder when c is divided by 3.
2
Let c = 141 - 83. Let j(y) = -y**3 + 5*y + 3. What is the remainder when c is divided by j(-3)?
13
Let m = -7 + 11. Suppose -m*t + 15 = t. Calculate the remainder when -1 + 2 - (1 - 8) is divided by t.
2
Let w(z) = z + 7. Suppose 0 = 4*y + 2*k + 6, -3*k - k = 5*y + 12. What is the remainder when w(y) is divided by 3?
1
Suppose 0*n = 6*n - 204. What is the remainder when n is divided by 9?
7
Let f(a) = a + 7. Let p be f(-5). Suppose -p*g - 27 = -71. Suppose 3*t = 19 + 17. Calculate the remainder when g is divided by t.
10
Calculate the remainder when -20*(14/8 - 3) is divided by 9.
7
Let y(p) = -1. Let v(z) = z + 1. Let f(g) = v(g) - 5*y(g). Calculate the remainder when f(-3) is divided by (-1 - -2)/((-1)/(-2)).
1
Let w(x) = -x - 3. Let y be w(-3). Let d = 3 - y. Calculate the remainder when 4 is divided by d/2 + 4/8.
0
Suppose -5 = -6*k + k, 5*q + 4*k = 34. What is the remainder when 80 + (-1 - q/(-3)) is divided by 14?
11
Suppose 36*o = 41*o - 35. Let z(l) = l**2 + 2*l - 4. Calculate the remainder when z(4) is divided by o.
6
Let s(t) = -t**2 - 15*t + 39. Calculate the remainder when s(-8) is divided by 27.
14
Let v(t) = -3*t + 1. Let z(w) = -3*w**3 + w**2 + w. Let m(x) = -x**3. Let p(k) = 5*m(k) + z(k). Calculate the remainder when v(-4) is divided by p(-1).
5
Let k(c) = -8*c + 2. What is the remainder when k(-2) is divided by 11?
7
Let q(n) = -31*n - 2. Suppose 24 + 8 = 4*r. What is the remainder when q(-1) is divided by r?
5
Let r = -1 - -14. Let y = r + 23. What is the remainder when y is divided by (-3)/6*(-1 - 25)?
10
Let h = -2 + 10. Suppose -4*c + 85 = 2*m - m, -c + 31 = -3*m. Calculate the remainder when c is divided by h.
6
Suppose 2*z - 4*c + 2*c = 28, -4*z = -2*c - 60. What is the remainder when 63 is divided by z?
15
Suppose 0*z + 42 = 3*z. What is the remainder when 26 is divided by z?
12
Let r(c) = c + 6. Let b(m) = m**2 - 15*m + 20. Calculate the remainder when b(15) is divided by r(5).
9
Suppose -4*z + 5*z - 17 = -q, -4*q = -2*z - 80. Let r = 12 - 1. Calculate the remainder when q is divided by r.
8
Let v be (-4 - -18)/(3 - 1). Suppose -x = -12 - v. Calculate the remainder when 56 is divided by x.
18
Let p(w) = w**2 + 50. Let z be p(0). Suppose z = 2*v + 8. Calculate the remainder when 61 is divided by v.
19
Let j(o) = -2*o**2 + 40*o - 8. What is the remainder when 238 is divided by j(19)?
28
Let k = -110 - -114. Suppose -13 = -3*j + 2*j. What is the remainder when j is divided by k?
1
Let b(o) = 22*o**3 + o**2 + o - 1. What is the remainder when b(1) is divided by 5?
3
Suppose -2*x - 111 = -3*x. Suppose -x - 54 = -5*r. What is the remainder when r is divided by 17?
16
Let x = 15 + -10. Let l(c) be the first derivative of -c**4/4 + 5*c**3/3 + c**2 - 3*c + 3. Calculate the remainder when 13 is divided by l(x).
6
Suppose -137 - 109 = -6*v. What is the remainder when v is divided by 11?
8
Let b(r) = r**2 + 4*r - 1. Let y be b(-3). Let q = -1 - y. What is the remainder when 1 + (1 - -3*1) is divided by q?
2
Let b(d) be the third derivative of -d**6/120 + d**5/60 + d**4/24 + 7*d**3/3 - 4*d**2. What is the remainder when b(0) is divided by 8?
6
Suppose 0 = 5*a - 11 - 9. Calculate the remainder when 7 is divided by (-264)/(-56) + a/14.
2
Suppose -5*z = -5*p + 40, 7*p + 5*z + 8 = 4*p. Suppose -4*j + 61 - 9 = 0. Calculate the remainder when j is divided by p.
1
Suppose 4*d + 2*y = 18, 5*y = -3*d + 4*y + 15. Let m = -3 + d. Let r = -2 + m. What is the remainder when 1 is divided by r?
0
Suppose 0 = 5*m - h + 29, m - 4 - 7 = -4*h. What is the remainder when 2 is divided by m/(-4) + 5/(-20)?
0
Let i(y) = -y - 1. Let a(g) = -3*g - 3. Let z(u) = -2*a(u) + 4*i(u). Calculate the remainder when 27 is divided by z(6).
13
Let a = -23 + 42. Calculate the remainder when 9*((-6)/(-2) + 1) is divided by a.
17
Suppose -3*g = -0*u - u + 115, -220 = -2*u + g. What is the remainder when u is divided by 28?
25
Let x = 18 - 7. Suppose 0 = 5*l - 98 - 7. Calculate the remainder when l is divided by x.
10
Suppose -r + 1 = -4. Suppose 0 = -m + x + 2 + 4, -r*m + 70 = 3*x. Let j = 18 - -13. What is the remainder when j is divided by m?
9
Calculate the remainder when (-4 - (-7)/3)*-9 is divided by 6.
3
Let t(w) = -10*w - 49. What is the remainder when t(-13) is divided by 23?
12
Suppose 4 - 86 = -2*v. What is the remainder when v is divided by 22?
19
Suppose 0*l - 5*r + 69 = 4*l, 2*l - 34 = -2*r. Let u be 2*(-4)/((-24)/141). Suppose 0*c + c = u. What is the remainder when c is divided by l?
15
Let d(j) = -16*j - 2. Calculate the remainder when d(-6) is divided by 32.
30
Let i(y) = 2*y - 4. What is the remainder when i(3) is divided by (-20)/(-9) - (-4)/(-18)?
0
Let t(q) = q**2 - 3*q - 6. What is the remainder when 63 is divided by t(-4)?
19
Let x = 187 - 133. Calculate the remainder when x is divided by 14.
12
Suppose -3*b = -650 + 50. Suppose -4*q + y + b = q, -4*y + 184 = 4*q. Calculate the remainder when q is divided by 11.
8
Suppose -x = j - 4 + 1, 4*x + 13 = j. Suppose 35 = 3*u - 2*u. Suppose -m - j*r + 7 = -3*r, 4*m = -r + u. Calculate the remainder when 16 is divided by m.
7
Let f = -7 - -12. Suppose 0 = -0*u - f*u + 60. Calculate the remainder when ((-3)/(-4) + 1)*20 is divided by u.
11
Suppose 3*z - 28 = -4. Let s = z - 2. What is the remainder when (17/(-4))/((-2)/8) is divided by s?
5
Suppose 5*o + 181 = 4*s, 4*s + 2*o - o - 151 = 0. Calculate the remainder when s is divided by 8.
7
Suppose 0 = 5*k + 3*w - 65, 4*k + 8*w - 52 = 3*w. What is the remainder when k is divided by (-7)/((3 + -2)*-1)?
6
Suppose -7*m = -135 - 5. What is the remainder when m is divided by 7?
6
Let a = 13 + -18. Let x = a - -23. Calculate the remainder when 35 is divided by x.
17
Let h = 4 - 16. Calculate the remainder when 7 is divided by (40/h)/(6/(-9)).
2
Suppose -3*t = -o + 4, 5*t - 2 = -4*o + 14. Calculate the remainder when 7 is divided by o.
3
Let w(a) = -a**2 - 9*a - 2. Let s be w(-9). Let u(g) = -3*g**2 - g - 2. Let k be u(s). What is the remainder when k/3*(0 + -16) is divided by 22?
20
Let x(y) = 7*y**2 + 2*y - 2. Let h be x(4). What is the remainder when h*(-2)/(-4) + 0 is divided by 20?
19
Calculate the remainder when -1 + (0 + 19)*6 is divided by 38.
37
Suppose 3*d = -2*d + 230. Let n = -19 - -27. Calculate the remainder when d is divided by ((-4)/n)/((-1)/32).
14
Let i be 14/10 - (-3)/5. Suppose -p + l = -29, -5*p + i*l = l - 157. Calculate the remainder when p is divided by 11.
10
Let x be ((-1)/1)/(3 + -2). Let m(s) = s**2. Let d be m(x). What is the remainder when 21 is divided by (10 - 0 - -2)/d?
9
Let q = -80 - -190. Suppose -3*f + 2*j + 41 = -36, 0 = -4*f - j + q. What is the remainder when f is divided by 14?
13
Suppose -2*y - 2*w = -34, -2*w + 75 = 4*y + 15. Calculate the remainder when y is divided by 4.
1
Let l = 22 + -43. Let v be (-2)/7 + (-48)/l. Suppose -3*z - 2*y - 3*y + 49 = 0, -3*z + v*y + 56 = 0. Calculate the remainder when 35 is divided by z.
17
What is the remainder when (2 + -1 - 3) + 33 is divided by (36/15)/(15/50)?
7
Let w be (6/(-15))/((-1)/10). Suppose -38 = -c - w. Calculate the remainder when c is divided by 12.
10
Suppose 0 = -o - 2*o + 33. Calculate the remainder when o is divided by (6/10)/((-3)/(-15)).
2
Calculate the remainder when 10 is divided by (-4)/(((-24)/9)/4).
4
Suppose 5 = 5*l - 35. Suppose -25 = -3*d + 4*z